{"id":116,"date":"2015-02-14T11:07:47","date_gmt":"2015-02-14T10:07:47","guid":{"rendered":"http:\/\/www.stages-gestalt.fr\/?page_id=116"},"modified":"2015-03-17T22:29:21","modified_gmt":"2015-03-17T21:29:21","slug":"mentions-legales","status":"publish","type":"page","link":"http:\/\/www.stages-gestalt.fr\/?page_id=116","title":{"rendered":"Mentions l\u00e9gales"},"content":{"rendered":"<ul>\n<li><small>titulaire du site Stages-gestalt.fr :<br \/>\nManon van Woensel, 18 rue du G\u00e9n\u00e9ral Perrier 30000 N\u00eemes \/ manon@stages-gestalt.fr \/ 06 71 58 93 21<br \/>\nMerc\u00e9d\u00e8s Araiz, 29 B, rue de Talant 21000 Dijon \/ mercedes@stages-gestalt.fr \/ 06 70 06 07 71<br \/>\n<\/small><\/li>\n<li><small>num\u00e9ro individuel d&rsquo;identification fiscale\u00a0: <a class=\"lien\" href=\"http:\/\/vosdroits.service-public.fr\/professionnels-entreprises\/F23570.xhtml\">num\u00e9ro de TVA intracommunautaire<\/a><\/small><\/li>\n<li><small>responsable de la publication : Manon van Woensel et Merc\u00e9d\u00e8s Araiz<br \/>\n<\/small><\/li>\n<li><small>h\u00e9bergeur du site\u00a0: LIGNE WEB SERVICES, 4 rue Galvani 75017 Paris \/ Fax : 09.72.12.49.84<br \/>\nSupport commercial : 0826 102 413 ( lundi- Vend 8h-12h 14h-18h 0.15 \u20ac\/min )<br \/>\n<\/small><\/li>\n<\/ul>\n<p>&nbsp;<\/p>\n","protected":false},"excerpt":{"rendered":"<p>titulaire du site Stages-gestalt.fr : Manon van Woensel, 18 rue du G\u00e9n\u00e9ral Perrier 30000 N\u00eemes \/ manon@stages-gestalt.fr \/ 06 71 58 93 21 Merc\u00e9d\u00e8s Araiz, 29 B, rue de Talant [&hellip;]<\/p>\n","protected":false},"author":1,"featured_media":0,"parent":0,"menu_order":0,"comment_status":"closed","ping_status":"closed","template":"page-templates\/full-width.php","meta":{"footnotes":""},"class_list":["post-116","page","type-page","status-publish","hentry"],"_links":{"self":[{"href":"http:\/\/www.stages-gestalt.fr\/index.php?rest_route=\/wp\/v2\/pages\/116","targetHints":{"allow":["GET"]}}],"collection":[{"href":"http:\/\/www.stages-gestalt.fr\/index.php?rest_route=\/wp\/v2\/pages"}],"about":[{"href":"http:\/\/www.stages-gestalt.fr\/index.php?rest_route=\/wp\/v2\/types\/page"}],"author":[{"embeddable":true,"href":"http:\/\/www.stages-gestalt.fr\/index.php?rest_route=\/wp\/v2\/users\/1"}],"replies":[{"embeddable":true,"href":"http:\/\/www.stages-gestalt.fr\/index.php?rest_route=%2Fwp%2Fv2%2Fcomments&post=116"}],"version-history":[{"count":4,"href":"http:\/\/www.stages-gestalt.fr\/index.php?rest_route=\/wp\/v2\/pages\/116\/revisions"}],"predecessor-version":[{"id":142,"href":"http:\/\/www.stages-gestalt.fr\/index.php?rest_route=\/wp\/v2\/pages\/116\/revisions\/142"}],"wp:attachment":[{"href":"http:\/\/www.stages-gestalt.fr\/index.php?rest_route=%2Fwp%2Fv2%2Fmedia&parent=116"}],"curies":[{"name":"wp","href":"https:\/\/api.w.org\/{rel}","templated":true}]}}