{"id":253,"date":"2016-11-20T12:03:27","date_gmt":"2016-11-20T11:03:27","guid":{"rendered":"http:\/\/www.stages-gestalt.fr\/?post_type=tribe_events&#038;p=253"},"modified":"2025-01-26T12:26:44","modified_gmt":"2025-01-26T11:26:44","slug":"supervision-27-jan-17","status":"publish","type":"tribe_events","link":"http:\/\/www.stages-gestalt.fr\/?tribe_events=supervision-27-jan-17","title":{"rendered":"Supervision"},"content":{"rendered":"<p>Au programme : supervision de cas, psychopathologie, entra\u00eenement \u00e0 la pratique, conseils \u00e0\u00a0\u00a0\u00a0\u00a0\u00a0 \u00a0 \u00a0 \u00a0 \u00a0 l&rsquo;installation.<\/p>\n<p>Une demi-journ\u00e9e (toujours un vendredi) par mois de supervision en groupe mixte : y participent des praticiens en Gestalt et d&rsquo;autres approches humanistes.<\/p>\n<p>Me contacter pour conna\u00eetre les dates \u00e0 venir.<\/p>\n","protected":false},"excerpt":{"rendered":"<p>Au programme : supervision de cas, psychopathologie, entra\u00eenement \u00e0 la pratique, conseils \u00e0\u00a0\u00a0\u00a0\u00a0\u00a0 \u00a0 \u00a0 \u00a0 \u00a0 l&rsquo;installation. Une demi-journ\u00e9e (toujours un vendredi) par mois de supervision en groupe mixte [&hellip;]<\/p>\n","protected":false},"author":2,"featured_media":0,"comment_status":"open","ping_status":"closed","template":"","meta":{"_tribe_events_status":"","_tribe_events_status_reason":"","footnotes":""},"tags":[38,39,37,36],"tribe_events_cat":[29],"class_list":["post-253","tribe_events","type-tribe_events","status-publish","hentry","tag-entrainement","tag-installation","tag-psychopathologie","tag-supervision","tribe_events_cat-supervision-pour-professionnels","cat_supervision-pour-professionnels"],"_links":{"self":[{"href":"http:\/\/www.stages-gestalt.fr\/index.php?rest_route=\/wp\/v2\/tribe_events\/253","targetHints":{"allow":["GET"]}}],"collection":[{"href":"http:\/\/www.stages-gestalt.fr\/index.php?rest_route=\/wp\/v2\/tribe_events"}],"about":[{"href":"http:\/\/www.stages-gestalt.fr\/index.php?rest_route=\/wp\/v2\/types\/tribe_events"}],"author":[{"embeddable":true,"href":"http:\/\/www.stages-gestalt.fr\/index.php?rest_route=\/wp\/v2\/users\/2"}],"replies":[{"embeddable":true,"href":"http:\/\/www.stages-gestalt.fr\/index.php?rest_route=%2Fwp%2Fv2%2Fcomments&post=253"}],"version-history":[{"count":16,"href":"http:\/\/www.stages-gestalt.fr\/index.php?rest_route=\/wp\/v2\/tribe_events\/253\/revisions"}],"predecessor-version":[{"id":439,"href":"http:\/\/www.stages-gestalt.fr\/index.php?rest_route=\/wp\/v2\/tribe_events\/253\/revisions\/439"}],"wp:attachment":[{"href":"http:\/\/www.stages-gestalt.fr\/index.php?rest_route=%2Fwp%2Fv2%2Fmedia&parent=253"}],"wp:term":[{"taxonomy":"post_tag","embeddable":true,"href":"http:\/\/www.stages-gestalt.fr\/index.php?rest_route=%2Fwp%2Fv2%2Ftags&post=253"},{"taxonomy":"tribe_events_cat","embeddable":true,"href":"http:\/\/www.stages-gestalt.fr\/index.php?rest_route=%2Fwp%2Fv2%2Ftribe_events_cat&post=253"}],"curies":[{"name":"wp","href":"https:\/\/api.w.org\/{rel}","templated":true}]}}

<p>Au programme : supervision de cas, psychopathologie, entraînement à la pratique, conseils à              l&rsquo;installation.</p>
<p>Une demi-journée (toujours un vendredi) par mois de supervision en groupe mixte : y participent des praticiens en Gestalt et d&rsquo;autres approches humanistes.</p>
<p>Me contacter pour connaître les dates à venir.</p>

<p>Au programme : supervision de cas, psychopathologie, entraînement à la pratique, conseils à              l&rsquo;installation. Une demi-journée (toujours un vendredi) par mois de supervision en groupe mixte [&hellip;]</p>
